*w(q). Let v(p) = -2*p - 14. Let m be v(-8). Determine z(m).
-2
Let y(f) = 2*f**2 + f - 6. Let d(q) = q**3 - 1. Let k(z) = 4*d(z) - y(z). Let r(i) = i**3 - i**2 - i. Let h(b) = k(b) - 5*r(b). Suppose 3 = g - 1. Give h(g).
2
Let u(h) = -h**2 + 5*h - 5. Suppose -4*b = -5*b - 2. Let i be 0/(-2) - (-6 - b). What is u(i)?
-1
Let a = 0 - -2. Let m(k) = a*k - 5*k + 6*k. What is m(1)?
3
Let l(c) = -c + 3. Let s(a) = -a**2 - 11*a - 36. Let w be s(-6). What is l(w)?
9
Let c = -40 + 21. Let y = c + 19. Let k(l) = l**3 + l**2 + 4. Calculate k(y).
4
Suppose -1 - 4 = -a, -3*a + 12 = 3*i. Let y(j) = j**3 + 2*j**2 - 3*j + 1. Let k be y(-3). Let s = i - k. Let f(x) = x**2 + 3*x + 2. Calculate f(s).
0
Let y(v) = 2*v**2 + 2*v - 14. Let w(c) = -1. Let t(p) = -10*w(p) + y(p). Suppose -21 = 5*d + 4*j - 2, -5*j = 5. Give t(d).
8
Let t(o) be the first derivative of o**4/4 - 7*o**3/3 + 4*o - 70. Calculate t(7).
4
Let v(m) = m**3 + 4*m**2 - 2*m - 4. Let k(a) = a**2 - 6*a + 8. Let n be k(7). Suppose h - 4*j + 8 = 0, -2*j + n = 3*j. Suppose -h*u - 2 = 14. Determine v(u).
4
Let d(g) = -5*g - 136 + 136. Give d(1).
-5
Let b(h) = 2*h**3 + 2*h**2 + 2. Suppose 3*j - 5*j = 4. Determine b(j).
-6
Let j(g) = -g**2 + 5*g - 1. Let w(z) = -z**2 + 4*z - 1. Let r(x) = -4*j(x) + 5*w(x). Suppose 0 = 3*p + p - 8. Determine r(p).
-5
Let a be ((-15)/10)/(6/16). Let d be (a/(-7))/(4/28). Let t(p) = p**3 - 3*p**2 - 5*p - 1. What is t(d)?
-5
Let g(a) = -4*a. Let n be (-1 + -2)*1/(-3). What is g(n)?
-4
Let p(h) = h. Let n(g) = -g - 8. Let w be 5*(-4)/(-40)*-18. Let v be n(w). What is p(v)?
1
Suppose 2*a = -2*a. Let o(k) = k - 2. What is o(a)?
-2
Let p = -8 + 4. Suppose 3*q - 2 = 1. Let c(s) = -5*s**2 - 1 - s**3 + q - 4 - 7*s. Give c(p).
8
Let z(m) = -m**3 + m + 7. Let t(n) = n**2 + 6*n + 2. Let k be t(-6). Suppose -5*a = -0*a + 10. Let x = a + k. What is z(x)?
7
Let y(t) = 2*t - 2. Let b be y(-2). Let z(o) = -4*o + 1. Let h(a) = 3*a - 1. Let r(c) = -5*h(c) - 4*z(c). What is r(b)?
-5
Suppose 11*u - 15*u = 0. Let s(m) = -m**3 - m**2 + 5. Determine s(u).
5
Let m(i) = i**3 - 2*i + 1. Let b be m(1). Suppose b = 6*s - s - 25. Let g(v) = -v. Let a(x) = x - 4. Let z(h) = -a(h) + g(h). Give z(s).
-6
Let c be 31/6 + 6/(-36). Let w(t) = 5*t - 1 - 5 + 0*t - t**2. Give w(c).
-6
Let a(l) = -l**3 - 5*l**2 + 1. Suppose o + 3 = q - 3*q, -3*o + 24 = -5*q. Suppose -o + 28 = -5*z. Determine a(z).
1
Let x(v) = -1 + 11*v - 3 - 1 + 6. Give x(-1).
-10
Let s(y) = y**3 - 4*y**2 + 2*y - 3. Let u(m) = -m**3 - 7*m**2 - 5*m - 3. Let d be u(-6). Let g be (d/(-12))/(2/8). Let h be (-2 - (g - 4)) + 4. Determine s(h).
-6
Let j be (-10)/(-12) - (-1)/6. Let r(w) = 0*w**2 - 6*w**3 + 5 - w + w**2 - 5 + j. Let g(q) = q**3 - 4*q**2 - 5*q + 1. Let c be g(5). Determine r(c).
-5
Let o(m) = m - 1. Let x(u) = 3*u - 6. Let p(v) = 6*o(v) - x(v). Calculate p(-5).
-15
Suppose z + 17 = 2*z. Suppose -3*m = -2*d + z, 3*m + 10 = 4*d + 5*m. Let t be ((-10)/4)/((-2)/d). Let a(g) = -g**2 + 5*g. Calculate a(t).
0
Let s(y) = -y**3 - 3*y. Let k(h) = -h**3 - h**2 - 2*h - 1. Let v(r) = 4*k(r) - 3*s(r). Calculate v(-4).
-8
Let i(k) = k**2 + 4*k - 4. Let z(g) = -2*g**2 - 9*g + 8. Let o(v) = 5*i(v) + 2*z(v). Calculate o(-4).
4
Let j(o) = -8*o + 1. Let z be 4*(20/(-16) - -1). What is j(z)?
9
Let q(o) be the second derivative of -o**5/20 - o**3/3 + 3*o**2/2 - 8*o. Determine q(2).
-9
Suppose 3*b + 2 = 4*b. Let s(p) be the second derivative of p**5/20 - p**4/4 - p**2/2 + 5*p - 3. What is s(b)?
-5
Let v(m) be the third derivative of m**6/120 + m**5/15 + m**3/6 - m**2. Let h be v(-3). Suppose -j - h = j. Let d(t) = -2*t - 7. Calculate d(j).
3
Let p(l) = 2*l**3 + l**2 + 2 - 3 + 0. Let k be ((-217)/49 - (-6)/14) + 3. What is p(k)?
-2
Let m(d) = -d**3 + 7*d**2 - d + 10. Let l = -1 + 8. What is m(l)?
3
Let z(a) = -a - a**2 + 145 + 7*a**2 + a**3 - 149. Give z(-6).
2
Let o(l) = -6 - 45*l**2 + 46*l**2 - 6*l + l. What is o(6)?
0
Let t = 27 - 15. Let m(n) = -t + 2*n - n + 4. What is m(6)?
-2
Suppose 3*j + 2*j + 70 = 0. Let w = 15 + j. Let l(k) = 6*k. Determine l(w).
6
Let v(f) = 5*f**2 + f - 2. Let o(k) = 9*k**2 + 2*k - 3. Let i(d) = -6*o(d) + 11*v(d). Determine i(4).
8
Let g = -6 - -4. Let l(s) = 3*s**3 - 2*s**2 + s + 4. Let t(r) = 10*r**3 - 5*r**2 + 3*r + 13. Let w(h) = g*t(h) + 7*l(h). What is w(4)?
6
Let p = 5 + 0. Suppose 0 = p*n + 4*t - 9, -4 = n - 5*t - 0. Let q(a) = 0*a + 4*a - 7*a + 5*a + n. Give q(-5).
-9
Let o(v) = v**3 + 4*v**2 - 3*v - 3. Let n(u) = -u**2 - 4. Let p be n(0). What is o(p)?
9
Let r(c) be the second derivative of c**4/12 + c**3/3 - c**2 + 12*c. Determine r(-3).
1
Let n(o) = o - 4. Let g be n(0). Let a(h) be the second derivative of 0*h**2 - 5/12*h**4 - 1/20*h**5 + 0 + h - 5/6*h**3. Calculate a(g).
4
Let u(f) = 11*f**2 - 2*f + 2. Let x(k) = 6*k + 10*k**2 + 0*k + 1 - 3*k - 5*k. Let s(i) = -2*u(i) + 3*x(i). Determine s(-1).
9
Let j(s) = s**2 + 7*s - 10. Let l be j(-8). Let q = 9 - 5. Let g(y) = 3*y**2 + 2*y**2 - q*y**2 - 2*y - 3. Give g(l).
5
Let y(l) = 13*l**2 - 27*l**2 + 15*l**2 - 4*l - 4. What is y(5)?
1
Suppose 4*i = -4*v - 12, 0*i + 4*v + 4 = 4*i. Let f(n) = -9*n**3 - 2*n**2 - 2*n - 1. Give f(i).
8
Let i(z) be the second derivative of -z**3/3 + 2*z**2 + 7*z. What is i(3)?
-2
Suppose 3*d + 9 = 0, -15 = 5*z + 6*d - 11*d. Let a(y) = -y**3 - 6*y**2 - 4*y - 7. What is a(z)?
17
Let i(f) be the second derivative of f**3/6 + f**2/2 + 7*f - 1. What is i(6)?
7
Suppose 5*h + 6*o = 4*o - 4, 5*h = -5*o - 10. Let w(v) be the third derivative of v**5/60 - v**4/24 - 4*v**2. What is w(h)?
0
Let w(f) = -3 + 4 + 10*f + 8*f - 16*f. Calculate w(-4).
-7
Let o(g) be the second derivative of -g**4/12 - 2*g**3/3 - 2*g**2 + 3*g - 3. Determine o(-7).
-25
Let h(i) = -i**2 - 2*i + 5. Let g be h(-5). Let r be (-2 + 1)*(2 - 0). Let q be (g/8)/(r/(-8)). Let l(t) = -t**3 - 5*t**2 + 1. Determine l(q).
1
Let a(n) = -8*n - 3. Let p = -1 - 0. Let k = p - -4. Suppose -k*l + 5 = 11. Give a(l).
13
Let g(u) be the first derivative of 3*u**2 + 7 + 5*u + 1/3*u**3. Give g(-5).
0
Let f(w) = 3*w - 1. Let o be 2*-1*9/6. Let r = -5 - o. What is f(r)?
-7
Let k(c) = -15*c - 1. Let r be k(-1). Suppose 0 = -3*w - z - 3 + r, -3*w - 3*z + 21 = 0. Let b(l) = -2 - 3*l**2 - l**3 + 6*l**w + 0*l**2. Determine b(3).
-2
Let h = 16 + -13. Suppose -z - 2*g = 2*g + 2, -7 = -2*z + 3*g. Let u(t) = -t**2 + 0*t - z*t**2 + t**3 + 2*t. Calculate u(h).
6
Let z(q) be the second derivative of q**3/6 + 7*q**2/2 - 2*q. Calculate z(0).
7
Let g(q) = -13*q - 1. Suppose -16*c = -3 - 13. What is g(c)?
-14
Suppose 3*z + 3 = -3*h + 21, h + 30 = 5*z. Let t(p) = p**3 - 6*p**2 + p + 1. Calculate t(z).
7
Let u(r) be the first derivative of -r**4/4 + 5*r**3/3 + 5*r**2/2 + 2*r + 1. Let i(c) = -c - 8. Let w be i(-14). What is u(w)?
-4
Suppose -x + 2*x + 3*w - 1 = 0, 0 = -x + 2*w - 9. Let c(u) = u + 7. Calculate c(x).
2
Let t(a) = 3*a**2 + 1. Suppose 0 = -3*u - 0*u. Let d(z) = z**2 - z - 1. Let f be d(u). Determine t(f).
4
Let t be 47/9 - (-10)/(-45). Suppose -16 = t*m + 14. Let s(f) = f**2 + 5*f - 1. Give s(m).
5
Let f be 3/9*(9 + 0). Let s(n) = 4*n**2 + n**3 + 4 - 4*n**f + 4*n**3. Let r be ((-24)/15)/(6/15). Give s(r).
4
Let b(o) = 2*o - 9. Suppose -3*v + 7 = -11. What is b(v)?
3
Let z(k) be the first derivative of k**4/6 + k**3/3 - 2*k**2 + 4*k + 2. Let x(f) be the first derivative of z(f). Let p = 0 + -3. Calculate x(p).
8
Suppose 0 = 3*i - 0*i + 9. Suppose -2*s + 4*x - 5*x + 10 = 0, -5*s + x = -11. Let y(m) = -3*m + 2 + m + s*m. What is y(i)?
-1
Let b be (-10)/(-3)*(-9)/6. Let f(z) = z**2 + 5*z + 6. Calculate f(b).
6
Let l(h) = h - 2. Let s(k) = 2*k**3 + 3*k**2 + k + 1. Let u be s(-2). Calculate l(u).
-7
Let y(b) = -b**3 + b**2 + 3*b - 3. Suppose -5*g + 25 = -3*v, -4*g - 2*v + 2 - 4 = 0. Let f be y(g). Let q(z) = 2*z**2 + z + 1. Determine q(f).
2
Suppose 2*v + 5*a = -0*a - 29, 0 = -v - 2*a - 12. Let m be v/(-12) + 35/6. Let s(r) = r - 12. Give s(m).
-6
Let i(z) = 10 + 5 + z - z**2 + 5 - 13. Let c = 6 + -4. Let j = 2 - c. Calculate i(j).
7
Let h(n) be the first derivative of -n**4/4 + 2*n**3/3 + n**2 - 2*n - 3. Give h(3).
-5
Let k(h) = -h. Suppose -5*x + l = 9, -2*x + l = 3 - 0. Let y(s) = 4*s + 0 + 2 - 5. Let u(j) = x*k(j) - y(j). Calculate u(2).
-1
Let v(a) = a**2 + 4*a - 3. Let t be v(-6). Let x = t + -6. Let r(o) = 2*o 